at is the greatest common divisor of 98 and 931?
49
What is the greatest common divisor of 78 and 234?
78
Calculate the highest common divisor of 91 and 2548.
91
What is the highest common factor of 33290 and 30?
10
Calculate the greatest common factor of 330 and 66.
66
What is the highest common factor of 62 and 4?
2
Calculate the highest common factor of 22 and 7293.
11
What is the greatest common divisor of 45 and 1?
1
What is the highest common divisor of 2662 and 2057?
121
Calculate the highest common divisor of 336 and 294.
42
What is the greatest common divisor of 5 and 63?
1
What is the highest common divisor of 190 and 30?
10
What is the greatest common divisor of 3936 and 96?
96
What is the highest common factor of 273 and 4?
1
Calculate the greatest common divisor of 185 and 5143.
37
Calculate the greatest common factor of 45 and 495.
45
What is the greatest common factor of 75 and 1155?
15
What is the highest common factor of 42 and 15813?
21
Calculate the greatest common factor of 1 and 435.
1
What is the greatest common divisor of 140 and 90?
10
Calculate the greatest common factor of 12 and 1236.
12
What is the highest common divisor of 1817 and 632?
79
Calculate the greatest common factor of 1957 and 19.
19
What is the greatest common factor of 342 and 306?
18
What is the highest common divisor of 13140 and 180?
180
What is the highest common divisor of 88 and 132?
44
Calculate the highest common divisor of 75 and 870.
15
What is the highest common factor of 103 and 515?
103
Calculate the greatest common factor of 584 and 72.
8
Calculate the highest common divisor of 38513 and 19.
19
Calculate the greatest common divisor of 11523 and 69.
69
Calculate the greatest common factor of 418 and 76.
38
Calculate the highest common divisor of 4456 and 72.
8
What is the highest common divisor of 130 and 21060?
130
What is the greatest common divisor of 285 and 690?
15
What is the greatest common factor of 15665 and 10?
5
Calculate the greatest common divisor of 30 and 12.
6
Calculate the highest common divisor of 24 and 7500.
12
Calculate the highest common divisor of 198 and 22.
22
What is the highest common factor of 54 and 4?
2
What is the highest common divisor of 6745 and 285?
95
What is the greatest common divisor of 136 and 4097?
17
Calculate the highest common divisor of 14 and 588.
14
What is the highest common factor of 456 and 240?
24
What is the highest common divisor of 156 and 1105?
13
What is the highest common factor of 6 and 6?
6
What is the greatest common divisor of 14 and 154?
14
What is the greatest common divisor of 159 and 212?
53
What is the greatest common factor of 84 and 708?
12
Calculate the greatest common divisor of 806 and 104.
26
What is the greatest common divisor of 397 and 75827?
397
Calculate the highest common divisor of 1628 and 88.
44
What is the highest common divisor of 15 and 5415?
15
Calculate the highest common factor of 17 and 391.
17
What is the greatest common divisor of 57 and 1235?
19
Calculate the highest common divisor of 3966 and 6.
6
Calculate the greatest common divisor of 952 and 112.
56
What is the greatest common divisor of 494 and 26923?
247
What is the greatest common divisor of 1613 and 4?
1
What is the highest common divisor of 168 and 280?
56
Calculate the highest common divisor of 6544 and 16.
16
Calculate the greatest common divisor of 23 and 4.
1
What is the greatest common factor of 469 and 268?
67
Calculate the highest common factor of 231 and 4928.
77
Calculate the greatest common factor of 70 and 154.
14
Calculate the greatest common factor of 66 and 6094.
22
Calculate the highest common divisor of 410 and 1681.
41
What is the highest common divisor of 140 and 770?
70
What is the highest common factor of 73 and 5913?
73
Calculate the highest common divisor of 1180 and 40.
20
What is the greatest common divisor of 3 and 144?
3
Calculate the highest common factor of 95 and 5.
5
Calculate the highest common factor of 57 and 21.
3
What is the highest common divisor of 3 and 105?
3
Calculate the greatest common divisor of 713 and 46.
23
What is the highest common factor of 209 and 76?
19
Calculate the highest common factor of 8 and 2456.
8
What is the greatest common factor of 195 and 3?
3
Calculate the highest common divisor of 13 and 13.
13
Calculate the greatest common divisor of 15 and 51.
3
What is the greatest common factor of 64 and 288?
32
What is the highest common factor of 390 and 52?
26
What is the highest common divisor of 14084 and 7?
7
Calculate the highest common factor of 105 and 26180.
35
Calculate the highest common divisor of 16 and 1736.
8
Calculate the greatest common factor of 720 and 1280.
80
What is the highest common factor of 40 and 424?
8
What is the greatest common divisor of 5 and 124?
1
What is the greatest common factor of 65 and 9256?
13
What is the highest common divisor of 189 and 119?
7
Calculate the highest common divisor of 354 and 10089.
177
What is the greatest common factor of 26 and 2782?
26
What is the greatest common factor of 3 and 129?
3
What is the greatest common factor of 267 and 573?
3
What is the greatest common divisor of 95 and 5?
5
What is the greatest common factor of 7299 and 18?
9
Calculate the greatest common factor of 29 and 46.
1
Calculate the greatest common divisor of 1502 and 6.
2
Calculate the greatest common factor of 56 and 71792.
56
Calculate the greatest common factor of 248 and 72.
8
Calculate the highest common factor of 3192 and 672.
168
What is the highest common divisor of 71 and 1136?
71
Calculate the highest common divisor of 24 and 16.
8
What is the greatest common factor of 130 and 585?
65
What is the greatest common factor of 930 and 150?
30
What is the highest common divisor of 2568 and 107?
107
What is the highest common divisor of 27 and 27?
27
What is the highest common divisor of 225 and 27?
9
What is the greatest common divisor of 350 and 26075?
175
Calculate the greatest common divisor of 6 and 2199.
3
What is the greatest common factor of 3927 and 1428?
357
What is the greatest common factor of 852 and 12?
12
Calculate the greatest common factor of 460 and 520.
20
What is the highest common factor of 3 and 4905?
3
Calculate the highest common factor of 416 and 52.
52
What is the highest common divisor of 2482 and 1314?
146
Calculate the highest common factor of 94 and 3008.
94
Calculate the greatest common divisor of 70 and 12215.
35
What is the greatest common factor of 77 and 22?
11
Calculate the highest common divisor of 42 and 266.
14
What is the greatest common divisor of 29 and 319?
29
Calculate the greatest common factor of 530 and 583.
53
Calculate the greatest common factor of 141 and 39.
3
What is the highest common factor of 105 and 4221?
21
What is the greatest common divisor of 63 and 5391?
9
Calculate the highest common divisor of 10 and 525.
5
Calculate the greatest common divisor of 63 and 42.
21
Calculate the highest common divisor of 1716 and 2112.
132
Calculate the highest common factor of 64 and 37.
1
What is the highest common factor of 12 and 972?
12
Calculate the highest common divisor of 188 and 235.
47
Calculate the greatest common factor of 1112 and 8.
8
What is the highest common factor of 416 and 7748?
52
Calculate the highest common divisor of 36 and 7092.
36
Calculate the greatest common factor of 420 and 735.
105
Calculate the greatest common factor of 803 and 11.
11
Calculate the greatest common divisor of 16142 and 28.
14
Calculate the highest common divisor of 209 and 304.
19
Calculate the greatest common factor of 45 and 145.
5
What is the highest common divisor of 6 and 486?
6
Calculate the greatest common divisor of 12 and 280.
4
What is the greatest common factor of 244 and 18?
2
Calculate the highest common divisor of 82 and 1066.
82
Calculate the greatest common divisor of 3040 and 57.
19
Calculate the highest common factor of 144 and 252.
36
Calculate the highest common factor of 162 and 13122.
162
What is the highest common divisor of 13 and 533?
13
What is the greatest common divisor of 1421 and 29?
29
Calculate the highest common divisor of 15 and 75.
15
Calculate the highest common factor of 34566 and 14.
14
What is the greatest common divis